171641 a composite number?
False
Is 69097301267 a prime number?
True
Is 10581852797 composite?
False
Is 22923100777 composite?
True
Is 3855809693 composite?
False
Is 11890662899 a composite number?
False
Is 15081863245 prime?
False
Is 19235772197 prime?
False
Is 410159801 a prime number?
True
Is 836222773 composite?
False
Is 134593128262 composite?
True
Is 161580817 a composite number?
False
Is 410697503 a prime number?
False
Is 2038103987 prime?
True
Is 11279751017 prime?
True
Is 1204237469 a composite number?
False
Is 1775376173 composite?
False
Is 5694545563 composite?
True
Is 27721550195 composite?
True
Is 14759137849 a prime number?
True
Is 2710852159 prime?
False
Is 17515885759 a composite number?
False
Is 910448909 composite?
False
Is 5983408993 a prime number?
False
Is 270499789265 a composite number?
True
Is 861284899 a composite number?
False
Is 2842221521 a prime number?
False
Is 7728159833 composite?
False
Is 42337634233 prime?
False
Is 5716758053 composite?
False
Is 68258640571 composite?
True
Is 16285586479 composite?
False
Is 3131290867 prime?
True
Is 76540576681 a composite number?
False
Is 3135911861 a prime number?
True
Is 3433632037 a composite number?
True
Is 156938508713 composite?
True
Is 82048877 a composite number?
True
Is 7791544979 prime?
False
Is 18046755689 prime?
False
Is 16903853 a composite number?
False
Is 908368547 prime?
True
Is 97276965911 composite?
False
Is 5195103359 prime?
True
Is 58842088549 prime?
False
Is 5559304909 a composite number?
True
Is 15862402033 composite?
False
Is 11135750609 a composite number?
False
Is 36265001 composite?
False
Is 7625987 a prime number?
True
Is 3627409319 a prime number?
True
Is 524186191 prime?
True
Is 204974519 composite?
True
Is 878541277 composite?
True
Is 2706337211 a prime number?
False
Is 1110285299 composite?
False
Is 818804438 a prime number?
False
Is 713485064935 a composite number?
True
Is 22425462067 prime?
True
Is 1913211613 a prime number?
False
Is 33151737 prime?
False
Is 990190742 prime?
False
Is 904384967 a prime number?
False
Is 671411999 composite?
False
Is 29969665727 composite?
True
Is 327085981 a prime number?
False
Is 12725993883 a composite number?
True
Is 171908167 composite?
False
Is 8209957907 a composite number?
True
Is 1852909358 a prime number?
False
Is 4924840727 prime?
True
Is 79232941183 prime?
False
Is 6915304555 a prime number?
False
Is 1665248183 a composite number?
False
Is 179549437 composite?
False
Is 54857338931 a prime number?
False
Is 214202501 composite?
False
Is 183325837 a composite number?
False
Is 1053050221 prime?
False
Is 399423133 composite?
False
Is 353215937 prime?
False
Is 1409066129 a prime number?
True
Is 19168141 a prime number?
True
Is 1464286121 composite?
False
Is 219872025491 prime?
False
Is 1453488587 a composite number?
True
Is 198747274889 a prime number?
True
Is 25569548473 composite?
True
Is 40235594653 a composite number?
True
Is 298932014177 prime?
True
Is 630969847 a prime number?
False
Is 8758351991 a composite number?
False
Is 86642980311 a prime number?
False
Is 33610887257 composite?
False
Is 1194905323 a composite number?
True
Is 197764381 composite?
True
Is 56819684461 a prime number?
True
Is 1236412217 prime?
True
Is 85398832667 a prime number?
True
Is 5107433609 a composite number?
False
Is 1132590539 a composite number?
False
Is 7906517293 prime?
False
Is 6145021027 a composite number?
False
Is 235070431 composite?
False
Is 26755006559 a composite number?
False
Is 4655653831 a prime number?
False
Is 1073057521 composite?
False
Is 15732549319 composite?
True
Is 32769820949 composite?
False
Is 310767647 prime?
True
Is 1655859889 a composite number?
False
Is 1060641499 a prime number?
False
Is 797885593 a composite number?
False
Is 1602802753 a composite number?
False
Is 321136484287 a composite number?
False
Is 13559501179 composite?
True
Is 49152703 a composite number?
True
Is 385182181 composite?
True
Is 7992748501 a composite number?
True
Is 9993745523 prime?
True
Is 234600513753 prime?
False
Is 2192046523 composite?
False
Is 2299249401 a prime number?
False
Is 5614894139 prime?
True
Is 549766981 composite?
True
Is 469451995 prime?
False
Is 2793087443 composite?
False
Is 62718243947 composite?
True
Is 332065127 prime?
True
Is 11764087833 a prime number?
False
Is 2401820567 a composite number?
False
Is 27282308959 a prime number?
True
Is 197428861 composite?
True
Is 164751454603 prime?
False
Is 8545027607 a prime number?
True
Is 17838232067 composite?
False
Is 33303853491 a composite number?
True
Is 138088063 a composite number?
False
Is 7698257026 composite?
True
Is 108202460703 composite?
True
Is 888177379 composite?
False
Is 11266070087 a composite number?
False
Is 16231641529 a composite number?
False
Is 80290463153 a composite number?
False
Is 1479717739 a prime number?
False
Is 583973729 a prime number?
False
Is 2602600037 prime?
False
Is 2093869199 composite?
False
Is 5004455689 a composite number?
True
Is 1105309979 a composite number?
False
Is 113291797 a prime number?
True
Is 4216067501 composite?
False
Is 980689753 a composite number?
False
Is 3732069203 prime?
False
Is 616501261 prime?
False
Is 140628929111 composite?
True
Is 2832791579 composite?
False
Is 22624012529 prime?
True
Is 97869389 a prime number?
True
Is 2419459349 a composite number?
True
Is 249395603 a composite number?
False
Is 7089018533 a prime number?
True
Is 7620202649 a prime number?
False
Is 180455659387 composite?
True
Is 85417150835 a prime number?
False
Is 88418857907 a composite number?
True
Is 126734171 composite?
False
Is 3562299613 a prime number?
False
Is 303276601 a prime number?
False
Is 1470728329 a prime number?
False
Is 3208533047 composite?
True
Is 875241167 prime?
False
Is 1052053217 prime?
False
Is 1091553791 a composite number?
False
Is 205820807 composite?
False
Is 230338969 prime?
False
Is 39341941469 a composite number?
False
Is 5964842929 a prime number?
True
Is 6941803901 composite?
False
Is 14309493413 prime?
True
Is 4142043427 a prime number?
False
Is 23192628763 a composite number?
False
Is 1236264869 prime?
False
Is 186985917623 a prime number?
False
Is 17902296931 prime?
False
Is 41936886899 composite?
False
Is 25676794529 a composite number?
False
Is 3598499427 a composite number?
True
Is 7811896234 composite?
True
Is 322313779 composite?
False
Is 2424983299 prime?
True
Is 1613968001 prime?
False
Is 112085397653 a composite number?
False
Is 1472379451 a composite number?
False
Is 2019642193 a prime number?
True
Is 19926240973 prime?
True
Is 140861557 a prime number?
False
Is 2328437777 prime?
True
Is 119465389 a prime number?
False
Is 978786503 prime?
True
Is 2308393697 prime?
True
Is 8657397335 prime?
False
Is 6616830837 composite?
True
Is 84490540973 prime?
True
Is 119017908383 a prime number?
False
Is 6742461907 a composite number?
False
Is 13163275013 composite?
True
Is 554761747 a prime number?
True
Is 24039452039 prime?
False
Is 450827723 prime?
False
Is 44076324415 composite?
True
Is 184555271 a prime number?
True
Is 3434531929 prime?
True
Is 336364789 composite?
True
Is 1090253797 composite?
True
Is 8938580839 a prime number?
False
Is 7947700093 composite?
False
Is 8046596777 a prime number?
True
Is 911609821 a prime number?
False
Is 5392796891 a composite number?
False
Is 305959637 composite?
True
Is 33211920767 a composite number?
True
Is 48185833569 composite?
True
Is 3662980627 a prime number?
True
Is 1169683649 a composite number?
False
Is 4055792701 composite?
False
Is 1655136737 a composite number?
False
Is 1375309501 a composite number?
True
Is 519241381 prime?
True
Is 363810413 composite?
False
Is 72441899573 prime?
False
Is 1921853069 composite?
True
Is 1827625763 prime?
True
Is 5147754883 a prime number?
False
Is 8694365 a prime number?
False
Is 25351556591 a prime number?
True
Is 1902448711 a prime number?
True
Is 1648715111 a prime number?
False
Is 79909287917 prime?
True
Is 3851981173 composite?
True
Is 2170801187 a composite number?
False
Is 441236111 a prime number?
False
Is 1720893439 a prime number?
False
Is 302524351 prime?
False
Is 20461230457 a prime number?
True
Is 1001761171 a composite number?
True
Is 1606831489 prime?
False
Is 16115120677 a prime num